 of (2/(-6))/(t/13398).
7, 29
Suppose 202 = 3*m - 557. Let x = -24 + m. List the prime factors of x.
229
Let b = 133573 + -83709. What are the prime factors of b?
2, 23, 271
Let h be 6 + -2*12/4. Suppose h = p - 585 - 171. List the prime factors of p.
2, 3, 7
Let m(q) be the third derivative of 13/24*q**4 + 13*q**2 + 2/3*q**3 + 0*q + 0. List the prime factors of m(5).
3, 23
Suppose 4 = -5*p - 356. Let c = 135 + p. Suppose 0 = t - 178 + c. What are the prime factors of t?
5, 23
Suppose -5*h - 39095 = -2*r, 0 = -5*r - h + 136013 - 38316. List the prime factors of r.
2, 5, 977
Suppose -19*g = 165 + 44. Let v(r) = r**3 + 15*r**2 - 5*r + 2. What are the prime factors of v(g)?
541
Suppose 5*t = p + 10756, -2*t + 2*p = -0*p - 4304. Let w = t - 1493. List the prime factors of w.
2, 7, 47
What are the prime factors of (80/(-4))/(-1 + (-11220)/(-11244))?
2, 5, 937
Let z be 9/(-6)*((-28)/(-6) - 2). Let u be (z/6)/(6/9) + 3. List the prime factors of u/(-4) - (179/(-2) - -3).
2, 43
Let f(w) = w**2 + 18*w + 51. Let s be f(-15). What are the prime factors of s + -2 - (-1 + -388)?
3, 131
Let c be ((-108)/30)/(-6) + 76/(-10). Let x(y) = -2*y**3 - 11*y**2 - 9*y - 6. List the prime factors of x(c).
2, 3, 17
Let w(r) = -68*r - 6. Let o(y) = -67*y - 5. Let m(a) = 4*o(a) - 3*w(a). Let j be m(-4). Let h = -137 + j. What are the prime factors of h?
3, 13
Suppose 294*d - 296*d = -s - 10066, 0 = 2*d + 2*s - 10066. What are the prime factors of d?
7, 719
Let j(n) = 263*n**2 - 168*n - 2. What are the prime factors of j(9)?
7, 11, 257
Suppose 2 = 2*h, -16*p + 19*p - 54654 = -3*h. What are the prime factors of p?
18217
Suppose 31*r + 34152 = 14*r + 25*r. List the prime factors of r.
3, 1423
Let r(o) = o**3 - o**2 - o + 4. Suppose 2*u + u = 0. Let l be r(u). Suppose x - t + 196 = l*x, -4*x = -t - 273. List the prime factors of x.
67
Let f = -401 - -260. Let k = 151 - -71. Let g = f + k. List the prime factors of g.
3
Let u(a) = 991*a**2 + 37*a + 7. List the prime factors of u(5).
24967
Let l(u) = u**3 - 14*u**2 - 15*u + 5. Let m be l(15). What are the prime factors of (((-2144)/m)/2)/((-8)/20)?
2, 67
Let k(w) = -w**3 + w**2 - w - 1. Suppose n + 55 = 59. Let y(z) = 5*z**3 - 6*z**2 - z - 6. Let j(s) = n*k(s) + y(s). What are the prime factors of j(7)?
2, 5
Let h = -56 - -36. Let b be 2/((-1)/2 - (-32)/62). Let t = b - h. What are the prime factors of t?
2, 3
Let n(r) = -79 + 310*r - 464*r + 339*r. What are the prime factors of n(3)?
2, 7, 17
Suppose 4*n + 16 = 0, 5651 = 3*z + 18*n - 20*n. What are the prime factors of z?
3, 11, 19
Let i(r) = -r**2 + 2*r - 6. Let y be i(-2). List the prime factors of 6/2 + y/((-98)/945).
2, 3, 23
Let b be 1/4 + 1/(-4) + 108. Suppose -8*m = -2*m - b. Let u = m + 24. What are the prime factors of u?
2, 3, 7
Let y = -15237 - -21894. What are the prime factors of y?
3, 7, 317
Let n(z) = 367*z**2 + 142*z + 8. What are the prime factors of n(-8)?
2, 5, 13, 43
Let y = 7010 - -9720. What are the prime factors of y?
2, 5, 7, 239
Let f(g) = 140*g**3 + 7*g - g**2 - 1199*g**3 + 3*g**2 + 3. List the prime factors of f(-1).
7, 151
Suppose y = -5*t + 467, -y - t + 314 = -141. Suppose y = 2*h - 60. What are the prime factors of h?
2
Suppose -1388 - 18617 = -5*r + 14150. List the prime factors of r.
3, 11, 23
List the prime factors of (96/30 - 13)*-35.
7
Let t = 15636 + -8150. Suppose -t + 49926 = 40*z. List the prime factors of z.
1061
Suppose 2*p = -3*v + 9, -3 = -6*v + 3*v. Let j = 6 - 1. Suppose -r - p*r + j*t = -492, -2*r + 252 = -4*t. What are the prime factors of r?
2, 59
Suppose 2452*g - 2464*g + 37332 = 0. List the prime factors of g.
3, 17, 61
Let q = -11070 + 31369. List the prime factors of q.
53, 383
Let q(n) = 2*n + 12. Let z be ((-234)/(-65))/(4/(-10)). Let u be q(z). Let t = 36 - u. What are the prime factors of t?
2, 3, 7
Let k(p) = 716*p - 6174. List the prime factors of k(41).
2, 67, 173
Let c be (-8)/(-16)*9*(6/(-18) + -5). Let b = 3717 - 6705. What are the prime factors of b/(-22) + c/(-132)?
2, 17
Suppose -j + 4*b - 23 = 5, 4*j = -b - 112. Let z be 204*(j/(-8))/7. Suppose z = 3*d - 2*d. What are the prime factors of d?
2, 3, 17
Suppose -3080*v = -2*g - 3075*v + 7802, 4*g + v - 15582 = 0. What are the prime factors of g?
2, 487
Suppose 19413 = -58*d + 98444 + 476609. List the prime factors of d.
2, 5, 479
Let c(x) = -56*x**3 - x**2 - 2*x - 2. Let f be c(-1). Let m = 94 - f. Suppose 0 = -2*i + m + 29. List the prime factors of i.
2, 17
Suppose 64*l = 638 + 1026. Suppose -l*h = -14*h - 20304. List the prime factors of h.
2, 3, 47
Let n = 188 + -161. Suppose -5*c + 866 = 26*y - n*y, -182 = -c - 2*y. List the prime factors of c.
2, 3, 29
Let v = 33223 + -20149. List the prime factors of v.
2, 3, 2179
Let h = 42 + -39. Suppose 0 = m - h*n - 233, 1209 = 5*m - 3*n - n. List the prime factors of m.
5, 7
Let d(v) = -26*v - 7. Let r(k) = k - 1. Let y(o) = -d(o) - 3*r(o). Let w(j) = -2*j + 6. Let q be w(0). List the prime factors of y(q).
2, 37
Let f be (-5)/(-70)*30*7. Suppose -f*y = 14*y - 16153. List the prime factors of y.
557
Suppose -5*z + 4*s + 40 = 0, 0 = 3*z - 7*z - 2*s + 6. Suppose -z*p + 894 = -410. What are the prime factors of p?
2, 163
Let v = -26 + 129. Let k = 89 - v. Let a(p) = -6*p + 58. What are the prime factors of a(k)?
2, 71
Let j = -9917 - -16687. Suppose -21*a - j + 29723 = 0. List the prime factors of a.
1093
Let b = -94407 + 139169. What are the prime factors of b?
2, 22381
List the prime factors of (-37)/(4 + (-500)/55 + 5).
11, 37
Let q(o) = 7076*o + 20. What are the prime factors of q(1)?
2, 887
Suppose 0*f + 295 = -5*f. Let m = f + 59. Suppose m = -5*v + z + 1055, 2*z + 430 = 5*v - 3*v. List the prime factors of v.
2, 3, 5, 7
Let m(k) be the third derivative of k**6/120 + k**5/12 - k**4/4 + k**3/6 + 2*k**2. Let t = -102 + 106. What are the prime factors of m(t)?
11
Let i = 175 - -190. Let p be ((-96)/(-10))/(-6)*(-10)/8. Suppose 5*x - 3*s = i, 0*x = p*x + s - 157. What are the prime factors of x?
2, 19
Let t(p) = p**3 + 11*p**2 - 4*p + 14. Let c(f) = -f**2 - 2*f - 8. Let j be c(0). What are the prime factors of t(j)?
2, 7, 17
Let c(p) = p**3 + 10*p**2 + 7*p + 6. Let y be c(-10). Let l = 69 + y. Let m(o) = 9*o - 10. What are the prime factors of m(l)?
5, 7
Let r(i) be the second derivative of i**4/3 - i**3/6 - 7*i**2 + 61*i. What are the prime factors of r(10)?
2, 47
Let l(o) = -24*o**3 + 3*o**2 + 5*o - 8. What are the prime factors of l(-7)?
2, 521
Let v be 0*(7 - 52/8). Suppose -2*r + b + 509 = v, -b - 14 = r - 276. List the prime factors of r.
257
Let u(m) = -15*m**3 + 3*m**2 + 3*m + 17. Let q(d) = -2*d**3 + d**2 + 3*d + 2. Let p be q(2). List the prime factors of u(p).
1013
Let b = 16580 - 2556. What are the prime factors of b?
2, 1753
Suppose 5*h = -30, -269*m - 2*h - 67552 = -271*m. What are the prime factors of m?
2, 5, 11, 307
Let k(x) = -3*x - 8. Let y be k(-3). Let j be -107 - (2 - y)*1. What are the prime factors of (j/(-14))/((-3)/(-42))?
2, 3
Suppose 0 = -4*p - 4*k + 22892, p + 0*k - 5711 = 2*k. What are the prime factors of p?
7, 19, 43
Suppose 2*o - 29 = -4*n - 21, 5 = 2*o + n. Suppose 0 = o*t - 40*t + 23408. What are the prime factors of t?
2, 7, 11
Suppose -2726563 = 318*l - 19647979. List the prime factors of l.
2, 53, 251
Let o(x) = 14*x**2 + 22*x - 13. Let u(m) = -13*m**2 - 22*m + 13. Let w(h) = 5*o(h) + 4*u(h). What are the prime factors of w(-7)?
5, 11, 13
Let o = -82 + 114. Suppose 5*b + o = b. Let l(d) = -d**2 - 11*d + 1. List the prime factors of l(b).
5
Suppose 0 = 180*f - 3032512 - 2892728. What are the prime factors of f?
2, 109, 151
Let p be (14 + -2 - 8)/2. Suppose 2*v = 7*v - 5, -p*v - 312 = -2*t. What are the prime factors of t?
157
Let l = -3138 - -3342. Let g(i) = -16*i**2 - 5*i - 3. Let a be g(-3). Let w = a + l. List the prime factors of w.
2, 3
Let b(p) = -3*p - 2. Let h be b(-3). Suppose w = -2*c - 2, -5*c - h = -4*w - 2. Let o = c + 12. What are the prime factors of o?
11
Suppose 6*c = 5*c - 4*o, -c + 2*o = 12. Let l be (c - -3) + (-264)/(-4). Let r = 82 - l. What are the prime factors of r?
3, 7
Let f(s) = 62*s**2 - 66*s + 454. What are the prime factors of f(12)?
2, 5, 859
Let d be 279/2*(-248)/(-93). Suppose 22 + d = u. What are the prime factors of u?
2, 197
Suppose 0 = -t 